{"id":276,"date":"2020-09-08T20:22:15","date_gmt":"2020-09-08T20:22:15","guid":{"rendered":"https:\/\/www.hardynet.ch\/gigathlon\/?page_id=276"},"modified":"2020-09-08T20:22:17","modified_gmt":"2020-09-08T20:22:17","slug":"bike-touren","status":"publish","type":"page","link":"https:\/\/www.hardynet.ch\/gigathlon\/bike-touren\/","title":{"rendered":"Bike Touren"},"content":{"rendered":"\n<p>Bike Touren<\/p>\n","protected":false},"excerpt":{"rendered":"<p>Bike Touren<\/p>\n","protected":false},"author":1,"featured_media":196,"parent":0,"menu_order":0,"comment_status":"closed","ping_status":"closed","template":"","meta":{"_coblocks_attr":"","_coblocks_dimensions":"","_coblocks_responsive_height":"","_coblocks_accordion_ie_support":"","advgb_blocks_editor_width":"","advgb_blocks_columns_visual_guide":"","footnotes":""},"class_list":["post-276","page","type-page","status-publish","has-post-thumbnail","hentry"],"coauthors":[],"author_meta":{"author_link":"https:\/\/www.hardynet.ch\/gigathlon\/author\/admin\/","display_name":"Ren\u00e9 Hartmann"},"relative_dates":{"created":"Ver\u00f6ffentlicht 6 Jahren vor","modified":"Aktualisiert 6 Jahren vor"},"absolute_dates":{"created":"Ver\u00f6ffentlicht am 8. September 2020","modified":"Aktualisiert am 8. September 2020"},"absolute_dates_time":{"created":"Ver\u00f6ffentlicht am 8. September 2020 20:22","modified":"Aktualisiert am 8. September 2020 20:22"},"featured_img_caption":"Elba","featured_img":"https:\/\/www.hardynet.ch\/gigathlon\/wp-content\/uploads\/2020\/04\/20190420_103030-scaled.jpg","series_order":"","jetpack_sharing_enabled":true,"_links":{"self":[{"href":"https:\/\/www.hardynet.ch\/gigathlon\/wp-json\/wp\/v2\/pages\/276","targetHints":{"allow":["GET"]}}],"collection":[{"href":"https:\/\/www.hardynet.ch\/gigathlon\/wp-json\/wp\/v2\/pages"}],"about":[{"href":"https:\/\/www.hardynet.ch\/gigathlon\/wp-json\/wp\/v2\/types\/page"}],"author":[{"embeddable":true,"href":"https:\/\/www.hardynet.ch\/gigathlon\/wp-json\/wp\/v2\/users\/1"}],"replies":[{"embeddable":true,"href":"https:\/\/www.hardynet.ch\/gigathlon\/wp-json\/wp\/v2\/comments?post=276"}],"version-history":[{"count":1,"href":"https:\/\/www.hardynet.ch\/gigathlon\/wp-json\/wp\/v2\/pages\/276\/revisions"}],"predecessor-version":[{"id":277,"href":"https:\/\/www.hardynet.ch\/gigathlon\/wp-json\/wp\/v2\/pages\/276\/revisions\/277"}],"wp:featuredmedia":[{"embeddable":true,"href":"https:\/\/www.hardynet.ch\/gigathlon\/wp-json\/wp\/v2\/media\/196"}],"wp:attachment":[{"href":"https:\/\/www.hardynet.ch\/gigathlon\/wp-json\/wp\/v2\/media?parent=276"}],"curies":[{"name":"wp","href":"https:\/\/api.w.org\/{rel}","templated":true}]}}